{"id":11,"date":"2015-05-20T14:37:51","date_gmt":"2015-05-20T13:37:51","guid":{"rendered":"http:\/\/gesundheit-und-naturschutz.de\/?page_id=11"},"modified":"2017-05-23T14:52:27","modified_gmt":"2017-05-23T13:52:27","slug":"zukunftslosungen","status":"publish","type":"page","link":"http:\/\/gesundheit-und-naturschutz.de\/?page_id=11","title":{"rendered":"Zukunftsl\u00f6sungen"},"content":{"rendered":"<h2>Bei der Windkraft:<br \/>\nVertikale Windr\u00e4der, die (10 mal) mehr Energie realisieren als die \u00fcblichen.<br \/>\nSie erzeugen<\/h2>\n<ul>\n<li>keinen L\u00e4rm<\/li>\n<li>keinen Infraschall<\/li>\n<li>keine Natursch\u00e4digung<\/li>\n<li>keine Umweltsch\u00e4digung<\/li>\n<li>eine CO2 Reduzierung<\/li>\n<\/ul>\n<p><iframe loading=\"lazy\" src=\"https:\/\/www.youtube.com\/embed\/T5VnoWJzuZ4?rel=0\" width=\"560\" height=\"315\" frameborder=\"0\" allowfullscreen=\"allowfullscreen\"><\/iframe><\/p>\n<h2>Windrad ohne L\u00e4rmbel\u00e4stigung<\/h2>\n<p><iframe loading=\"lazy\" src=\"https:\/\/www.youtube.com\/embed\/x1ClgZHcxnI?rel=0\" width=\"560\" height=\"315\" frameborder=\"0\" allowfullscreen=\"allowfullscreen\"><\/iframe><\/p>\n<h2>oder Kleinwindkraftanlagen (z.B. auf dem Flughafen in K\u00f6ln-Bonn)<\/h2>\n<p><iframe loading=\"lazy\" src=\"https:\/\/www.youtube.com\/embed\/sdBonRBv19I?rel=0\" width=\"560\" height=\"315\" frameborder=\"0\" allowfullscreen=\"allowfullscreen\"><\/iframe><\/p>\n<p><span class=\"green\">Aber die Schattenkraftwerke bleiben \u2013 und damit eine schlechte CO2 Energiebilanz.<\/span><\/p>\n<p>Konventionell sollten lieber die hochmodernen Gaskraftwerke einsetzen \u2013 dann erzeugen wir weniger CO2 als mit der Windkraft \u2013 aber die sind wegen dem EEG ineffektiv und sind<br \/>\nteilweise schon billig in den Osten verkauft oder werden.<\/p>\n<p><a href=\"http:\/\/www.echo-online.de\/nachrichten\/wirtschaft\/wirtschaftsuedhessen\/Gaskraftwerk-Irsching-macht-Darmstaedter-HSE-zu-schaffen;art1155,5988868\" target=\"_blank\">www.echo-online.de<\/a><\/p>\n<p><span class=\"green\">Ziel muss sein, dass wir eine \u00f6kologisch vertr\u00e4gliche kontinuierliche Stromerzeugung erfor- schen. Nur so k\u00f6nnen wir den technischen Anforderungen auch gerecht werden. Da gibt es einige interessante Ans\u00e4tze, die es zu entwickeln gilt.<\/span><\/p>\n","protected":false},"excerpt":{"rendered":"<p>Bei der Windkraft: Vertikale Windr\u00e4der, die (10 mal) mehr Energie realisieren als die \u00fcblichen. Sie erzeugen keinen L\u00e4rm keinen Infraschall keine Natursch\u00e4digung keine Umweltsch\u00e4digung eine CO2 Reduzierung Windrad ohne L\u00e4rmbel\u00e4stigung oder Kleinwindkraftanlagen (z.B. auf dem Flughafen in K\u00f6ln-Bonn) Aber die Schattenkraftwerke bleiben \u2013 und damit eine schlechte CO2 Energiebilanz. Konventionell sollten lieber die hochmodernen Gaskraftwerke &hellip; <a href=\"http:\/\/gesundheit-und-naturschutz.de\/?page_id=11\" class=\"more-link\">Continue reading <span class=\"screen-reader-text\">Zukunftsl\u00f6sungen<\/span><\/a><\/p>\n","protected":false},"author":1,"featured_media":0,"parent":205,"menu_order":9,"comment_status":"open","ping_status":"closed","template":"","meta":[],"_links":{"self":[{"href":"http:\/\/gesundheit-und-naturschutz.de\/index.php?rest_route=\/wp\/v2\/pages\/11"}],"collection":[{"href":"http:\/\/gesundheit-und-naturschutz.de\/index.php?rest_route=\/wp\/v2\/pages"}],"about":[{"href":"http:\/\/gesundheit-und-naturschutz.de\/index.php?rest_route=\/wp\/v2\/types\/page"}],"author":[{"embeddable":true,"href":"http:\/\/gesundheit-und-naturschutz.de\/index.php?rest_route=\/wp\/v2\/users\/1"}],"replies":[{"embeddable":true,"href":"http:\/\/gesundheit-und-naturschutz.de\/index.php?rest_route=%2Fwp%2Fv2%2Fcomments&post=11"}],"version-history":[{"count":9,"href":"http:\/\/gesundheit-und-naturschutz.de\/index.php?rest_route=\/wp\/v2\/pages\/11\/revisions"}],"predecessor-version":[{"id":167,"href":"http:\/\/gesundheit-und-naturschutz.de\/index.php?rest_route=\/wp\/v2\/pages\/11\/revisions\/167"}],"up":[{"embeddable":true,"href":"http:\/\/gesundheit-und-naturschutz.de\/index.php?rest_route=\/wp\/v2\/pages\/205"}],"wp:attachment":[{"href":"http:\/\/gesundheit-und-naturschutz.de\/index.php?rest_route=%2Fwp%2Fv2%2Fmedia&parent=11"}],"curies":[{"name":"wp","href":"https:\/\/api.w.org\/{rel}","templated":true}]}}