{"id":13,"date":"2015-05-20T14:38:27","date_gmt":"2015-05-20T13:38:27","guid":{"rendered":"http:\/\/gesundheit-und-naturschutz.de\/?page_id=13"},"modified":"2017-05-23T15:04:13","modified_gmt":"2017-05-23T14:04:13","slug":"windkraft-industrieanlagen-sensbacher-hohe","status":"publish","type":"page","link":"http:\/\/gesundheit-und-naturschutz.de\/?page_id=13","title":{"rendered":"Gefahren und Probleme von Windkraft Industrieanlagen Sensbacher H\u00f6he"},"content":{"rendered":"<p><span class=\"red\">Gef\u00e4hrdung<\/span><\/p>\n<ul>\n<li>unserer Gesundheit<\/li>\n<li>unserer Lebensqualit\u00e4t<\/li>\n<li>unserer Lebensgrundlage<\/li>\n<li>unseres Verm\u00f6gens<\/li>\n<\/ul>\n<h1>WOF\u00dcR?<\/h1>\n<p><span class=\"red\">Was Sie tun k\u00f6nnen zum Schutz<\/span><\/p>\n<ul>\n<li>von Ihnen<\/li>\n<li>Ihren Kindern<\/li>\n<li>Ihrer Familie<\/li>\n<li>Ihres Verm\u00f6gens: Immobilienpreise, Tourismus Gewerbe &#8230;<\/li>\n<\/ul>\n<h1>Engagieren Sie sich \u27a4 f\u00fcr sich \u2013 wir sagen Ihnen wie<\/h1>\n<p>Die Windkraft Industrieanlage auf der Sensbacher H\u00f6he ist weiter in Planung &#8211; von der Fa. Enercon. Daf\u00fcr beauftragte Enercon artenschutzrechtliche Untersuchungen f\u00fcr das Natura 2000 und FFH Gebiet der Sensbacher H\u00f6he. Die Vergangenheit zeigte, dass Untersuchungen von Windkraft Herstellern gerne verf\u00e4lscht werden. Wenn die Untersuchungen zum Ergebnis kommen, dass das Natura 2000 und FFH Gebiet nicht sch\u00fctzenswert ist, droht der Bau der Anlagen.<\/p>\n<p>Deswegen sind \u201eunabh\u00e4ngige\u201c Untersuchungen elementar wichtig.<\/p>\n<h2 style=\"color: #22313f;\">Nehmen Sie sich ein wenig Zeit \u2013 es lohnt sich! <i>Aber:<\/i><\/h2>\n<h2 style=\"margin-top: 0;\">Zum schnellen Lesen: Lesen Sie die gr\u00fcnen Zeilen<\/h2>\n","protected":false},"excerpt":{"rendered":"<p>Gef\u00e4hrdung unserer Gesundheit unserer Lebensqualit\u00e4t unserer Lebensgrundlage unseres Verm\u00f6gens WOF\u00dcR? Was Sie tun k\u00f6nnen zum Schutz von Ihnen Ihren Kindern Ihrer Familie Ihres Verm\u00f6gens: Immobilienpreise, Tourismus Gewerbe &#8230; Engagieren Sie sich \u27a4 f\u00fcr sich \u2013 wir sagen Ihnen wie Die Windkraft Industrieanlage auf der Sensbacher H\u00f6he ist weiter in Planung &#8211; von der Fa. Enercon. &hellip; <a href=\"http:\/\/gesundheit-und-naturschutz.de\/?page_id=13\" class=\"more-link\">Continue reading <span class=\"screen-reader-text\">Gefahren und Probleme von Windkraft Industrieanlagen Sensbacher H\u00f6he<\/span><\/a><\/p>\n","protected":false},"author":1,"featured_media":195,"parent":205,"menu_order":1,"comment_status":"open","ping_status":"closed","template":"","meta":[],"_links":{"self":[{"href":"http:\/\/gesundheit-und-naturschutz.de\/index.php?rest_route=\/wp\/v2\/pages\/13"}],"collection":[{"href":"http:\/\/gesundheit-und-naturschutz.de\/index.php?rest_route=\/wp\/v2\/pages"}],"about":[{"href":"http:\/\/gesundheit-und-naturschutz.de\/index.php?rest_route=\/wp\/v2\/types\/page"}],"author":[{"embeddable":true,"href":"http:\/\/gesundheit-und-naturschutz.de\/index.php?rest_route=\/wp\/v2\/users\/1"}],"replies":[{"embeddable":true,"href":"http:\/\/gesundheit-und-naturschutz.de\/index.php?rest_route=%2Fwp%2Fv2%2Fcomments&post=13"}],"version-history":[{"count":16,"href":"http:\/\/gesundheit-und-naturschutz.de\/index.php?rest_route=\/wp\/v2\/pages\/13\/revisions"}],"predecessor-version":[{"id":259,"href":"http:\/\/gesundheit-und-naturschutz.de\/index.php?rest_route=\/wp\/v2\/pages\/13\/revisions\/259"}],"up":[{"embeddable":true,"href":"http:\/\/gesundheit-und-naturschutz.de\/index.php?rest_route=\/wp\/v2\/pages\/205"}],"wp:featuredmedia":[{"embeddable":true,"href":"http:\/\/gesundheit-und-naturschutz.de\/index.php?rest_route=\/wp\/v2\/media\/195"}],"wp:attachment":[{"href":"http:\/\/gesundheit-und-naturschutz.de\/index.php?rest_route=%2Fwp%2Fv2%2Fmedia&parent=13"}],"curies":[{"name":"wp","href":"https:\/\/api.w.org\/{rel}","templated":true}]}}